en 693 is divided by 674?
19
What is the remainder when 4773 is divided by 24?
21
What is the remainder when 1175 is divided by 49?
48
Calculate the remainder when 459 is divided by 77.
74
What is the remainder when 33 is divided by 11?
0
Calculate the remainder when 103 is divided by 96.
7
What is the remainder when 489 is divided by 70?
69
Calculate the remainder when 729 is divided by 41.
32
What is the remainder when 532 is divided by 422?
110
What is the remainder when 753 is divided by 14?
11
Calculate the remainder when 229 is divided by 29.
26
Calculate the remainder when 278 is divided by 35.
33
What is the remainder when 63 is divided by 6?
3
What is the remainder when 122 is divided by 21?
17
Calculate the remainder when 1526 is divided by 102.
98
What is the remainder when 657 is divided by 5?
2
Calculate the remainder when 407 is divided by 97.
19
What is the remainder when 6822 is divided by 65?
62
What is the remainder when 2199 is divided by 719?
42
What is the remainder when 1166 is divided by 529?
108
What is the remainder when 2173 is divided by 145?
143
What is the remainder when 542 is divided by 92?
82
Calculate the remainder when 380 is divided by 91.
16
What is the remainder when 7030 is divided by 36?
10
Calculate the remainder when 2705 is divided by 209.
197
Calculate the remainder when 29 is divided by 4.
1
What is the remainder when 123 is divided by 37?
12
Calculate the remainder when 139 is divided by 20.
19
Calculate the remainder when 111 is divided by 38.
35
What is the remainder when 1761 is divided by 584?
9
What is the remainder when 650 is divided by 209?
23
What is the remainder when 2819 is divided by 217?
215
Calculate the remainder when 940 is divided by 234.
4
Calculate the remainder when 2765 is divided by 2757.
8
Calculate the remainder when 150 is divided by 9.
6
Calculate the remainder when 179 is divided by 83.
13
What is the remainder when 10994 is divided by 117?
113
What is the remainder when 285 is divided by 90?
15
What is the remainder when 288 is divided by 145?
143
What is the remainder when 36 is divided by 19?
17
Calculate the remainder when 499 is divided by 115.
39
What is the remainder when 206 is divided by 68?
2
What is the remainder when 60 is divided by 5?
0
Calculate the remainder when 134 is divided by 68.
66
What is the remainder when 1501 is divided by 138?
121
What is the remainder when 439 is divided by 20?
19
Calculate the remainder when 217 is divided by 22.
19
Calculate the remainder when 5538 is divided by 42.
36
Calculate the remainder when 108 is divided by 36.
0
What is the remainder when 82 is divided by 6?
4
What is the remainder when 337 is divided by 291?
46
What is the remainder when 31254 is divided by 207?
204
What is the remainder when 231 is divided by 100?
31
What is the remainder when 53 is divided by 34?
19
Calculate the remainder when 106 is divided by 54.
52
Calculate the remainder when 1435 is divided by 37.
29
Calculate the remainder when 102 is divided by 93.
9
Calculate the remainder when 4553 is divided by 18.
17
What is the remainder when 374 is divided by 35?
24
Calculate the remainder when 525 is divided by 24.
21
What is the remainder when 6 is divided by 5?
1
Calculate the remainder when 82 is divided by 10.
2
What is the remainder when 29 is divided by 23?
6
Calculate the remainder when 655 is divided by 41.
40
Calculate the remainder when 2114 is divided by 53.
47
What is the remainder when 2339 is divided by 582?
11
Calculate the remainder when 841 is divided by 377.
87
Calculate the remainder when 132 is divided by 25.
7
What is the remainder when 1251 is divided by 179?
177
Calculate the remainder when 1303 is divided by 16.
7
What is the remainder when 1083 is divided by 357?
12
Calculate the remainder when 3566 is divided by 1188.
2
What is the remainder when 102 is divided by 11?
3
Calculate the remainder when 97 is divided by 43.
11
What is the remainder when 2839 is divided by 18?
13
Calculate the remainder when 190 is divided by 24.
22
Calculate the remainder when 81 is divided by 17.
13
What is the remainder when 5225 is divided by 579?
14
What is the remainder when 964 is divided by 28?
12
Calculate the remainder when 2341 is divided by 25.
16
Calculate the remainder when 398 is divided by 25.
23
Calculate the remainder when 31 is divided by 27.
4
Calculate the remainder when 425 is divided by 59.
12
What is the remainder when 146 is divided by 57?
32
What is the remainder when 298 is divided by 43?
40
What is the remainder when 430 is divided by 77?
45
What is the remainder when 1251 is divided by 59?
12
What is the remainder when 426 is divided by 24?
18
What is the remainder when 240 is divided by 28?
16
What is the remainder when 1054 is divided by 16?
14
What is the remainder when 147 is divided by 77?
70
Calculate the remainder when 130 is divided by 69.
61
What is the remainder when 492 is divided by 38?
36
Calculate the remainder when 5167 is divided by 22.
19
Calculate the remainder when 2143 is divided by 65.
63
What is the remainder when 246 is divided by 63?
57
Calculate the remainder when 54 is divided by 11.
10
Calculate the remainder when 201 is divided by 30.
21
Calculate the remainder when 32517 is divided by 30.
27
What is the remainder when 8348 is divided by 2?
0
What is the remainder when 15717 is divided by 10?
7
What is the remainder when 31 is divided by 1?
0
Calculate the remainder when 13866 is divided by 68.
62
What is the remainder when 554 is divided by 62?
58
What is the remainder when 5696 is divided by 27?
26
What is the remainder when 2228 is divided by 323?
290
Calculate the remainder when 69019 is divided by 145.
144
Calculate the remainder when 272 is divided by 70.
62
Calculate the remainder when 227 is divided by 21.
17
Calculate the remainder when 78 is divided by 52.
26
Calculate the remainder when 182 is divided by 69.
44
Calculate the remainder when 500 is divided by 57.
44
What is the remainder when 2443 is divided by 94?
93
Calculate the remainder when 175 is divided by 8.
7
What is the remainder when 240 is divided by 45?
15
Calculate the remainder when 85 is divided by 6.
1
What is the remainder when 424 is divided by 1?
0
What is the remainder when 25 is divided by 3?
1
Calculate the remainder when 220 is divided by 13.
12
Calculate the remainder when 1457 is divided by 34.
29
Calculate the remainder when 17630 is divided by 304.
302
Calculate the remainder when 12082 is divided by 19.
17
Calculate the remainder when 496 is divided by 80.
16
Calculate the remainder when 940 is divided by 127.
51
What is the remainder when 1733 is divided by 79?
74
Calculate the remainder when 15 is divided by 10.
5
Calculate the remainder when 1284 is divided by 17.
9
What is the remainder when 280 is divided by 5?
0
What is the remainder when 141 is divided by 12?
9
Calculate the remainder when 667 is divided by 12.
7
What is the remainder when 54 is divided by 23?
8
What is the remainder when 592 is divided by 228?
136
What is the remainder when 1071 is divided by 534?
3
What is the remainder when 95 is divided by 16?
15
Calculate the remainder when 1049 is divided by 332.
53
What is the remainder when 48 is divided by 15?
3
What is the remainder when 53 is divided by 15?
8
Calculate the remainder when 662 is divided by 38.
16
Calculate the remainder when 80 is divided by 31.
18
What is the remainder when 5543 is divided by 1839?
26
Calculate the remainder when 147 is divided by 25.
22
What is the remainder when 478 is divided by 16?
14
Calculate the remainder when 8007 is divided by 286.
285
Calculate the remainder when 74 is divided by 12.
2
What is the remainder when 425 is divided by 86?
81
What is the remainder when 362 is divided by 32?
10
Calculate the remainder when 298 is divided by 17.
9
Calculate the remainder when 280 is divided by 17.
8
Calculate the remainder when 278 is divided by 56.
54
What is the remainder when 1330 is divided by 21?
7
What is the remainder when 442 is divided by 111?
109
Calculate the remainder when 81 is divided by 42.
39
Calculate the remainder when 162 is divided by 38.
10
What is the remainder when 233 is divided by 18?
17
Calculate the remainder when 13 